2 - r - 3. Let s be b(-3). Suppose h*a + k + 4*k - 638 = 0, s = -a - 3*k + 319. Is a composite?
True
Suppose 3*j - 32 = 4*r, -4*j + 3*r + 0*r = -45. Is 10*8562/68 - j/102 a composite number?
False
Let i(x) = x**3 + 5*x**2 - x - 3. Let s be i(-5). Suppose 5*m - 15 = s*m, 5*m - 21 = -2*r. Is r + (0 - 2) + 2507 a prime number?
True
Let s(h) = h**2 + 1. Let g(x) = -102*x**3 + 6*x**2 + x + 2. Let b(m) = g(m) - 4*s(m). Let w = -2583 + 2580. Is b(w) a prime number?
True
Let n(c) be the first derivative of 11 + 4*c + 74/3*c**3 - 3/2*c**2. Is n(-3) composite?
True
Let x = -72 - -75. Suppose -2*h = -3*m + 19, -1 = 2*m + 4*h - x. Suppose -m*g = -2877 - 788. Is g a composite number?
False
Let g be (-338)/26*(0 + -61). Let o = g - 206. Is o a composite number?
False
Suppose -3*g = -4*g + 4. Let z be ((-1401)/(-2) - 4)*g. Suppose 0 = 2*x + 5*x - z. Is x a composite number?
True
Suppose 83 = q + 82, 0 = s + 2*q - 3455737. Is s a prime number?
False
Suppose 4*c + 16 = 3*l + 56, -1 = c + 2*l. Let w(u) = 418*u**2 + 7*u + 2. Is w(c) a composite number?
False
Let w(k) = -3*k + 3*k + 97*k**2 + 253 + 3*k - 252. Is w(-3) prime?
False
Let v = 6 + -5. Let z be (v - 2)*(0/(-1))/1. Suppose 3*o = -z*o + 501. Is o a prime number?
True
Let u(b) = 2*b**2 + 2*b - 7. Let d be u(-3). Suppose -936 = -4*n + a + 2268, d*n = -5*a + 4005. Suppose -p + 340 + n = 0. Is p a composite number?
True
Let j(t) = -4*t**3 - t**2 - 3*t. Let a be j(-3). Let g = a - 110. Is -4 + (-1 - g*551) prime?
True
Let s be (-6)/(-2) + 80/2. Is -2 + ((-1 + s)*1 - 3) a prime number?
True
Let n = -294329 - -699196. Is n a prime number?
False
Let i(k) = -k**2 - 11*k - 24. Let d be i(-7). Suppose 0 = d*x - o - 15 - 28, 5*x - 4*o = 40. Suppose -9*g - 1311 = -x*g. Is g a composite number?
True
Let a be 8 - -6*4/24*2. Let r(h) = -h**3 + 11*h**2 - 10*h. Let g be r(a). Suppose 13 = 2*z + 5, g = -b + 3*z + 806. Is b a prime number?
False
Suppose -14*l = -30*l + 496. Is (-3 - (-1044)/9)*l a composite number?
True
Let b(o) be the third derivative of 7*o**5/15 + o**4/8 - 8*o**3/3 - 14*o**2. Let t be b(13). Suppose -7*r + 1622 = -t. Is r prime?
True
Suppose -406644 = -2*l + u, 3*u + 800401 = 4*l - 12885. Is l a composite number?
False
Suppose 7*l + 3*k - 9 = 5*l, 2*l - 8 = -4*k. Suppose -3994 = -3*j - 2*t, -j + l*j - 6682 = 3*t. Let v = j - 549. Is v prime?
False
Suppose 4*r - b = 778581, 4*r - 2*b - 250249 = 528325. Is r prime?
True
Is 9*(-2)/15 + (-351502)/(-10) a composite number?
False
Let p = 67 + -71. Let s be (-24)/32 - 19/p. Suppose 3*v = -v - 2*h + 712, s*h = 0. Is v a composite number?
True
Let h be 39/12 + 6/(-24). Suppose -h*v = -4*r + 38108, 5*v - v = -3*r + 28581. Is r composite?
True
Let a = -173674 + 249951. Is a a prime number?
False
Let q = 126493 - 32912. Is q a composite number?
False
Suppose -2*t + 340166 = 2*q, 2*q = 4*t + 47256 - 727552. Is t a prime number?
False
Let o(t) = 9*t**3 - 2*t**2 - 6*t + 99707. Is o(0) composite?
False
Suppose -18*x = -15*x - 9. Suppose -6*p = -p + 2*i - 10871, 2*p - 4355 = -x*i. Is p a composite number?
True
Let j(q) = -2*q**3 + 3*q**2 - 26*q + 76. Is j(-15) a composite number?
True
Suppose 5*r = 8*f - 3*f - 20805, 2*r = -5*f + 20812. Let l = 1893 - f. Let v = -1010 - l. Is v prime?
True
Suppose 9*l - 232 = -7. Suppose -9*v + 952 = l. Is v a prime number?
True
Let l be (0/(-40))/((-6)/2). Suppose 5*o + k = -2*k + 69461, l = o + 2*k - 13888. Is o composite?
True
Let a be 2/(-9) - 5538557/(-171). Suppose 4*m - a - 9172 = -y, 2*y = -5*m + 51949. Is m a composite number?
False
Let f be (-4 + 3 + -3)/1. Let b(c) = -127*c**3 + 7*c**2 - 7*c + 4. Let n be b(f). Let k = n + -5277. Is k a prime number?
False
Suppose 0 = 5*c - 10*t + 15*t - 412680, -412659 = -5*c - 2*t. Is c composite?
False
Let r(n) = 74875*n**2 + 93*n - 611. Is r(6) prime?
True
Let w(o) be the first derivative of -5*o**4/4 + 5*o**2 - 3*o - 9. Let b(q) = -11*q**3 + 21*q - 5. Let f(z) = -4*b(z) + 9*w(z). Is f(-12) composite?
True
Let q(u) = 17552*u - 4615. Is q(6) prime?
False
Let q = 866621 - 474892. Is q composite?
True
Let b(a) = -3*a + 79. Let d be b(8). Is (290658/10)/3 - (-22)/d composite?
False
Let z(p) = 5107*p**3 + 68*p**2 - 146*p + 22. Is z(9) a composite number?
True
Suppose 4*d - 3*j - 25634 + 7078 = 0, -3*d + 4*j + 13917 = 0. Let h = d - 2418. Is h a prime number?
True
Let w(z) = 395*z**2 + 313*z**2 + 33*z**2 - 109*z**2 + 3 + 12*z. Is w(-2) composite?
True
Let v = -613 + 619. Suppose -23585 = -v*y + 207421. Is y a prime number?
True
Let h = -8 + 18. Let z(q) = 11*q - 20. Let k be z(h). Is k + -2 + 2 + -1 a composite number?
False
Suppose 3*p + o - 4 = 0, p - 4*o + 1 = -2. Is 6245/p*(-12)/(-20) a prime number?
False
Suppose 2*i - 72 = -6*i. Suppose 7*g = i*g + 16. Is (g + 9)/(1/157) prime?
True
Is (-16)/(-12)*(((-40)/32)/(-5) + 289169) a prime number?
True
Suppose -2*l - 6188 + 20292 = 0. Suppose 8*j - l - 9084 = 0. Is j a prime number?
True
Let l(v) be the second derivative of -v**5/20 - v**4/12 + v**3/6 + 163*v**2/2 - 17*v. Is l(0) a prime number?
True
Let k be 128/10 - ((-18)/15 - 0). Suppose -h - 54813 = -2*p, -2*h = -k + 12. Is p composite?
False
Suppose -50 + 52 = 2*c. Let x be (19/57)/(c/21). Suppose -x*m + 786 = -m. Is m prime?
True
Suppose -40*j + 28*j - 36 = 0. Is ((-52614)/(-12))/j*(-2)/1 a composite number?
True
Let v(r) be the third derivative of -r**4/4 - 47*r**3/6 - 29*r**2. Let p be v(-8). Is (4/4)/(p + (-7896)/7899) composite?
False
Let f = -37408 + 173632. Is 5 + f/27 + 2/3 a prime number?
True
Is (2361910/50)/((-23)/(-115)) prime?
False
Let b(j) = 3402*j**2 - 5*j + 225. Is b(8) composite?
True
Let v(f) = f**2 + 8*f - 46. Let i be v(4). Suppose -i*b = -2*r - 29942, 3*r = -0*r - 6. Is b a composite number?
False
Let k(z) = -6*z - 11. Let q be k(-2). Let x be 50288/(-26) + (-2)/(-13). Is (-2)/1 - q - x prime?
True
Suppose o = -3*p + 9293, 0 = 16*p - 15*p - o - 3095. Is p a prime number?
False
Let g(n) = 5*n**3 - 10*n**2 + 4*n - 15. Let m(x) = -x**3 + x**2 - x. Let i(b) = g(b) + 3*m(b). Let j be i(17). Suppose -5*y = -10*y + j. Is y prime?
False
Let k = 277 - 272. Suppose k*s - 7 = 8, 0 = -5*x + s + 155782. Is x prime?
False
Suppose -13*y + 10808508 = 8*y - 9*y. Is y prime?
False
Let c be 4 + -2 - (-3 + (1 - 15210)). Suppose -54754 + c = -30*v. Is v composite?
True
Let h(n) = 1946*n**2 - 2*n - 3. Suppose 4*m + 2 = 2*m. Let s be h(m). Suppose -v + 60 = -5*d - 450, 4*v - s = d. Is v a composite number?
True
Is (-148815)/(-39)*21 + (-50)/325 a prime number?
False
Suppose -2*t = -b + 13, 13 = -2*b + 7*b + 3*t. Suppose -5*v - 5*q = -6830, q - 5221 - 1589 = -b*v. Is v a composite number?
False
Let q = -167375 + 287190. Is (-1)/(-4) + 7/(140/q) a prime number?
False
Let u = -43894 + 82817. Is u a prime number?
True
Suppose b + 22 = -2*h + 21, b = 2*h - 1. Let u(f) = -f**3 + 3*f**2 + 8545. Is u(h) a prime number?
False
Let i(c) = 316*c**3 - 8*c**2 - 30*c + 143. Is i(5) a prime number?
True
Let f(d) = 5*d**2 + 4*d + 30. Let z be f(-23). Suppose -2*b + 3892 = 4*i, -5*i - 2*b + z = -2283. Is i composite?
True
Let i(x) = -7029*x**3 + 2*x**2 - 4*x - 5. Let d be i(-1). Suppose 0 = 17*m + 21*m - d. Is m a composite number?
True
Let n = 37 + -37. Suppose n = a + l - 898, -7*l = -3*l + 8. Is a - (2*(3 + -2) + -1) a composite number?
True
Let f = 326348 + -96649. Is f a prime number?
True
Suppose -243*o + 241*o - 5*w + 84642 = 0, 3*o + 3*w = 126927. Is o a prime number?
False
Let m(x) = x**3 - 9*x**2 + 19*x + 14. Let u be (-66)/(-24) + -3 + (-74)/(-8). Is m(u) prime?
False
Suppose 0 = 5*l - 16 + 1. Suppose -2*o + 8075 = -t, -2*o - o + l*t = -12117. Suppose -4*w - n - 4*n = -4008, -4*w + 2*n = -o. Is w prime?
False
Let f(s) = 1912*s - 1015. Is f(12) prime?
True
Suppose 20 = 4*k, -k = -z + 2*z - 7. Suppose n - 2*n - 5*x = -11144, -z*n + 22249 = -3*x. Is n a prime number?
False
Suppose s + 2 = x - 2, -2*x = 4*s + 4. Suppose -b + z = -1563, -6*b + x*b - 3*z = -6224. Is b prime?
True
Let i = -367 - -687. Let d be 4/(-12) - 1958/(-33). Let x = i + d. Is x a composite number?
False
Let q(y) = -y**2 - 3*y + 10. Let i be q(-5). Suppose -3*x = -i*x - 228. Suppose 2*c = 3*k + 167, 0 = -c - k - 0*k + x. Is c prime?
True
Suppose -54 + 20 = -2*c. Suppose -22841 = -c*j + 10*j. Is j a prime number?
False
Suppose 8 